7*h**2 - h**3 - 226*h + 454*h. What is n(-5)?
-30
Let s(k) = -4 + 3*k**2 + 3*k + k - 2*k**2. Let t(q) = -2 + q**2 - 1 + 0 + 4*q. Let j(v) = -4*s(v) + 5*t(v). Calculate j(-4).
1
Let i(m) = -m + 12. Suppose -3*g + 16 = -38. Calculate i(g).
-6
Let b(i) = -i - i + 2 + i. Let c = -1952 - -1954. Calculate b(c).
0
Let a(d) = -5*d**3 - 2*d - 1. Let h be a(-1). Let c(g) = -g**3 + 5*g**2 + 7*g - 5. Calculate c(h).
1
Let i(k) = -9*k - 1. Let f(n) = -5*n - 101. Let l be f(-20). Calculate i(l).
8
Suppose 2*z = -26 + 30. Let g(m) = 39*m**2 - 40*m**2 + z + m - 12. Give g(0).
-10
Let t be (70/(-140))/((-26)/12 - -2). Let b(i) = -9*i - 2. Give b(t).
-29
Let o(z) = 16 - 7*z + 12*z - 15. Let i be 6/(-9)*(0 + -3). Calculate o(i).
11
Let v(m) = -m**3 - 5*m**2 - 3*m. Let s = -244 - -242. Calculate v(s).
-6
Let g be (2/3)/((-48)/72). Let v(p) = p**3 - p**2 - p + 1. Let n(x) = -5*x**3 + 10*x - 11. Let a(d) = g*n(d) - 6*v(d). Calculate a(5).
10
Let o = 583 - 589. Let j(r) = r**2 + 10*r + 15. What is j(o)?
-9
Let d(x) be the first derivative of x**5/30 + 5*x**4/24 - 2*x**3/3 + 23*x**2/2 + 12. Let y(p) be the second derivative of d(p). What is y(-4)?
8
Let n(t) = -4*t - 7. Let z(p) = -p**3 - 2*p**2 + 8*p - 5. Let a be z(2). Calculate n(a).
13
Let p(o) = 5*o**2 - o - 1. Let d be p(1). Let m(f) = -2 + 7 + 6*f**2 + 194*f - 197*f - f**d. Give m(5).
15
Suppose -f + 29 = -3*v - 2*v, -v + 11 = 4*f. Let i(r) = -193 + 5*r + r**2 + 80 + 119. Calculate i(v).
6
Let m(k) be the first derivative of 2*k**2 - k + 11. Let q(g) = 4*g - 1. Let j(p) = -4*m(p) + 5*q(p). Calculate j(-1).
-5
Suppose -3*z + 6*z = 3*b, 5*z + 2*b + 21 = 0. Let n(q) be the first derivative of -4*q**2 - 1. Calculate n(z).
24
Let i(l) = l - 1. Let k be i(3). Let m(u) be the first derivative of u**2/2 - u - 587. Calculate m(k).
1
Let l(m) = -m - 6. Let v be -11 + ((-20)/5 - -9). What is l(v)?
0
Suppose f - 31 = -0*f. Let w be -6 - (-5 - (2 - -30)). Let d(j) = -f + w + j. What is d(-6)?
-6
Let x be 17/8 - 3/24. Suppose -x*f = -0*o - 3*o + 17, 4*o + 4 = -4*f. Suppose o = -3*i + 2*i. Let d(v) = -v**3 - v**2 + 5*v + 4. Give d(i).
7
Let d(t) = 4*t + 10. Suppose 89*j - 56*j = -297. Give d(j).
-26
Let c(g) = 47*g + 9. Let o be c(-1). Let f = o + 37. Let x(n) = 2*n. Calculate x(f).
-2
Let t(i) be the third derivative of i**5/60 + 5*i**4/24 + i**3 + 9*i**2 - 2. Determine t(-3).
0
Let g(q) = 5*q. Let v be g(-1). Let z(k) be the third derivative of k**4/24 + 5*k**3/3 - 2*k**2 - 79. Calculate z(v).
5
Let v(p) = p**3 - 2*p**2 - 3*p - 4. Suppose z = 2*z + 11. Suppose -19 - 21 = 5*g + 4*h, -5*h = -2*g - 16. Let r = g - z. Give v(r).
-4
Let t(c) = -3*c + 3. Let h be 33 + -33 - (4/2)/1. Let d(x) = -10*x + 9. Let g(s) = h*d(s) + 7*t(s). What is g(-7)?
10
Let v(f) be the second derivative of f**6/120 - 3*f**5/20 - 3*f**4/8 - f**3/2 + 21*f**2/2 + 24*f. Let w(c) be the first derivative of v(c). Determine w(10).
7
Let d(k) = -4*k - 2. Let s(p) = -15*p - 9. Let x(w) = -22*d(w) + 6*s(w). Give x(-4).
-2
Suppose 0 = 15*w + 9 - 84. Let m(j) be the second derivative of j**5/20 - j**4/2 + 2*j**3/3 + 2*j**2 + 15*j. Calculate m(w).
-1
Suppose -25 = -3*i + 2*k, -2*i - 22*k - 15 = -17*k. Let g(q) = -2*q**2 + 8*q + 16. Give g(i).
6
Let m = 609 - 613. Let f(b) = b**3 + b**2 + b + 1. What is f(m)?
-51
Let o(a) be the first derivative of -1/12*a**4 - 4 + 3/20*a**5 - 1/2*a**2 + 1/3*a**3 - 3*a. Let t(n) be the first derivative of o(n). What is t(1)?
3
Let u(c) = -2*c**3 + 7*c**2 - 6*c + 1. Suppose -n + 8 = 4. Determine u(n).
-39
Let y(m) = -m**2 + 4*m - 4. Let o be -1 + (-2 - -1) + 7. Let s(v) = -5. Let q(u) = -1. Let r(w) = -11*q(w) + 2*s(w). Let g(p) = o*r(p) + y(p). Calculate g(4).
1
Let h(x) be the third derivative of -7*x**4/24 - x**3/6 - 37*x**2 - 1. Give h(-6).
41
Let o(l) be the third derivative of -l**5/60 - l**4/24 - l**3/6 - 5*l**2. Let z(y) = -y. Let i(m) = -2*o(m) + 2*z(m). Determine i(-2).
10
Let j(z) = -22*z**2 + 21*z - 2. Let f(y) = 8*y**2 - 7*y. Let p(l) = -8*f(l) - 3*j(l). Determine p(3).
3
Let t(r) be the first derivative of r**3/3 + 5*r**2/2 - 6*r - 127. Determine t(-6).
0
Let p(s) = -s + 1. Let w = 35 + -24. Suppose -7*r = 32 - w. Let a be (-4)/r - 221/(-39). Give p(a).
-6
Let m(u) be the third derivative of -u**5/60 - 7*u**4/24 - u**3 - 44*u**2. Let s = 6 - 10. What is m(s)?
6
Let q(a) be the third derivative of -a**6/120 - a**5/10 + 11*a**4/24 + a**3 - 7*a**2 + 21*a. Let o be (-158)/22 + 2/11. What is q(o)?
-22
Let l(g) be the second derivative of -g**3/3 - 3*g**2/2 + 31*g + 1. Give l(-6).
9
Let c(l) = -l**3 + 4*l**2 - l - 2. Let g = 284 + -279. What is c(g)?
-32
Let o(w) be the second derivative of w**5/20 - 2*w**4/3 + 2*w**3 - 5*w**2/2 + 2*w - 94. Calculate o(6).
-5
Let l(m) = m**2 - 2*m - 2. Let z be 97/8 + (-8)/64. Suppose -z = 4*y - 4*i, -2*y = -y + 5*i - 27. Let r be 0*(-3)/(-6) + y. Give l(r).
-2
Let h(k) = -2*k - k - 7*k. Suppose 2*p + 5*z - 23 = 0, -20 = -5*p - 13*z + 8*z. Determine h(p).
10
Let m be 10/(-15) - (-10)/(-3). Let y(t) = 2*t**3 - 4 - 5*t**2 - 3*t**3 - 15*t + 8*t. Give y(m).
8
Let p(r) = r**3 + 6*r**2 + 2. Suppose 6*k - k = 3*u + 8, 0 = 4*u + 2*k + 28. Calculate p(u).
2
Let y(h) = h**2 - 17*h + 10. Let c be y(16). Let g(j) = -j - 9. Let t(u) = -u - 8. Let s(i) = -5*g(i) + 6*t(i). Calculate s(c).
3
Let m(c) = 2*c**2 + 11*c + 12. Let v be m(-4). Let s(p) be the second derivative of v*p**2 - 2*p + 0 + 1/2*p**3 - 1/4*p**4 - 1/20*p**5. Give s(-4).
4
Let j(v) = v**2 + 5*v + 6. Let z be 17 + -11 + -2 + 0. Suppose 0 = -z*a + 3*f - 4, f + 4 = a - f. What is j(a)?
2
Let y(s) = 2*s + 1. Let m(a) = 36 - 11*a - 15*a - 3 + 24*a. Let n be m(16). Give y(n).
3
Let o(b) = 9*b - 2. Let h be 7/63 + 34/18. Let i(v) = -3*v + 1. Let n(u) = h*o(u) + 7*i(u). Determine n(2).
-3
Suppose -259 = -6*d - d. Suppose d = -5*c + 12. Let a(u) = u + 3. Let g(s) = 2*s + 6. Let p(h) = -5*a(h) + 3*g(h). Determine p(c).
-2
Let o(i) = -10*i**2 + 10 + 0*i**3 - 6*i + 7*i**2 - 2*i + i**3. Calculate o(4).
-6
Let t(w) = 6 + 8*w + 6 - 10*w. Let k be t(6). Let p(n) = -n - 1. Let c(j) = 5*j + 19. Let q(a) = c(a) + 4*p(a). Give q(k).
15
Let f(o) = o - 3. Suppose 4*m - 505 = -409. Suppose -2*y + 38 = 2*j, -5*j + 0 = 2*y - 35. Let d = m - y. Determine f(d).
1
Let u(v) = -26 - 204*v**2 + 203*v**2 + 14*v**3 - 8*v - 6*v. Let k(r) = -5*r**3 + 5*r + 9. Let i(n) = -11*k(n) - 4*u(n). What is i(4)?
9
Let c = 7 - 1. Suppose -4*y = -y + c. Let w be 1 + y/(2 - 3). Let o(q) = -q**2 + 3*q + 1. Give o(w).
1
Let x(b) = b**3 - b**2 - 2*b. Let v = 220 - 223. Calculate x(v).
-30
Let h = -3 - -5. Let y(c) be the third derivative of c**5/20 - c**4/8 + c**3/2 - 103*c**2 + 4*c. What is y(h)?
9
Let f(v) = -3*v**2. Suppose 0 = j - 10 + 5. Suppose 0 = -j*z + c - 9, 0*z - 3*z - 5*c = -17. Calculate f(z).
-3
Suppose 24 = 17*y - 9*y. Let b(i) = 9*i**3 - 10 + 5*i**3 + 7*i + 6*i**2 - 18*i**y + 3*i**3. Determine b(7).
-10
Let a(s) = 10*s - s**2 - 7 + 2 - 4*s + 5 - 15. Determine a(6).
-15
Let l = 24 - 24. Let t(b) be the second derivative of b**3/6 + 7*b**2/2 - 171*b. Give t(l).
7
Let g(m) = -m**3 + 8*m**2 - 5*m - 17. Suppose l + 2*b = 1, -3*l = b + 4*b - 6. Determine g(l).
-3
Let p(q) be the second derivative of -q**5/20 - q**4/3 - q**3/6 - 3*q**2/2 + 79*q. Give p(-4).
1
Let r(o) = -4*o**2 - 2*o + 2. Let c(h) = h**3 - 3*h**2 + h - 1. Let q(l) = -c(l) + r(l). Calculate q(-3).
30
Let j(a) = 1 - 440*a + a**2 + 225*a + 220*a. Suppose -4*h + 16 = 4*q, 5*q + 2*h - 20 - 12 = 0. Suppose 3*n = n - q. Determine j(n).
-3
Let x(y) = -1. Suppose 2*u = 5*z + 19, -7 = 3*u + u + 5*z. Let d(i) = -i**2 - 5*i + 5. Let a(t) = u*x(t) + d(t). What is a(-4)?
7
Suppose 5*q = 2*q + 4*q. Let a(o) = -o**2 - 42. Calculate a(q).
-42
Let s(i) = 4*i**2 + 56*i - 37. Let z(t) = 7*t**2 + 109*t - 72. Let k(u) = 11*s(u) - 6*z(u). What is k(18)?
-11
Let z(u) = -u**3 - 9*u**2 + 3. Suppose -11*g = 12 + 87. Determine z(g).
3
Let g(w) be the third derivative of w**5/60 - 13*w**4/24 - 3*w**3/2 - 69*w**2. Determine g(13).
-9
Suppose 4*f = 4, c + 5 = 2*f + 12. Let y(n) = -3*n - c*n + 14*n. Calculate y(5).
10
Let o(k) be the third derivative of k**7/5040 + k**6/240 - 2*k**5/15 + 5*k**2. Let p(a) be the third derivative of o(a). Calculate p(-8).
-5
Let s(l) = -4*l**2 - 2 - 2 + 3*l**2 - 3*l + 5. Let m(b) be the third derivative of b*